 is divided by 15?
13
Suppose 0 = -3*d - 0*d. Suppose -4*a + 9 - 1 = d. Suppose a*v - 3*v = -11. What is the remainder when v is divided by 4?
3
Suppose g = -2*g + 4*b + 13, -5*b - 14 = -3*g. What is the remainder when g is divided by 3?
0
Suppose 5*t - 18 = 47. Calculate the remainder when t is divided by 4.
1
What is the remainder when 137 is divided by (6/(-10))/(6/30) + 38?
32
Suppose -3*z = -3*h + 39, -3*z = 5*h + 2*z - 15. Let a be (2 - 1)/(-2 - -1). Calculate the remainder when a/(2/(-44) - 0) is divided by h.
6
Suppose 11 = 5*s - 4. Suppose s*b - 11 = 13. Let j(n) = 3*n**3 - 2*n**2 - n. What is the remainder when j(2) is divided by b?
6
Let n be (4/(-2) + 0)*-10. Suppose -3*l - 2*q = -19, -3*l + n = -l + 5*q. What is the remainder when 11 - ((0 - 2) + 1) is divided by l?
2
Let x be ((0/2)/2)/1. Let c be x + 1 - 0 - -2. Suppose -2*i + 3 = -c. Calculate the remainder when 4 is divided by i.
1
Let i = 28 + -16. Suppose 0 - i = -2*v. What is the remainder when -1*(-2 + 3)*-11 is divided by v?
5
Calculate the remainder when (8 + 27)/(-7)*1*-21 is divided by 27.
24
Let z be 1 + (-5)/((-1)/1). Let m = 9 + z. Let b = 49 + -6. Calculate the remainder when b is divided by m.
13
Let t be (157 - 2) + (-6)/(-2). Suppose 4*j = 4*x + 220, j = -2*j - 4*x + t. What is the remainder when j is divided by 14?
12
Let w = -217 + 42. Let r = -124 - w. What is the remainder when r is divided by 18?
15
Let z(q) = -18*q + 2. What is the remainder when z(-1) is divided by 2/(-10) + (-144)/(-20)?
6
Let v(k) be the second derivative of k**3/3 - 4*k**2 + 2*k. Let f be v(6). Suppose 50 = f*j - 42. Calculate the remainder when j is divided by 8.
7
Suppose b + 0 - 2 = 0. Let i(a) = 2*a + 1. Let w be i(2). Suppose 95 = w*t - l, l - b*l = t - 13. What is the remainder when 34 is divided by t?
16
Let s(h) = 5*h - 8. Calculate the remainder when 63 is divided by s(6).
19
Let f(n) = n - 7. Let y be f(-8). Calculate the remainder when 23 is divided by (-123)/y + 2/(-10).
7
Suppose 0 = 18*o - 26*o + 728. Calculate the remainder when o is divided by 23.
22
Let u(a) = -2*a + 2. Let s be u(0). Suppose s*m - 12 - 44 = 0. Calculate the remainder when m is divided by 16.
12
Let y(z) = -2*z**2 + 12*z - 1. Let v be y(6). Let x be (-1)/(-4) - 67/(-4). What is the remainder when (x - 0) + (-1 - v) is divided by 10?
7
Let r be 3/2*(-8)/(-3). Suppose -2*d + 3*d = r. Suppose -z + 3 = 0, d*z + 12 = 6*n - 2*n. Calculate the remainder when 10 is divided by n.
4
Suppose 5*b + 7 = u, 3*b = -4 + 1. Suppose -2*a + 22 = 2*k - 44, 0 = -u*k + 4*a + 42. Calculate the remainder when k is divided by (-2)/((-2)/(-4 + 12)).
5
Let g(s) = -14*s - 6. Let f be g(-5). Suppose 3*k - f = h, k + 0*h = 3*h + 8. Calculate the remainder when 43 is divided by k.
20
Let f be 40/(-15)*(3 + 0). Let a be (-1)/(-4) + 31/4. Calculate the remainder when 5 is divided by (-2)/a*2*f.
1
Suppose 2*u + 1 - 49 = 0. Suppose 2*l - u = -2*l. What is the remainder when 16 is divided by l?
4
Let u = -7 - -4. Let s = -1 - u. Suppose 4*c = -l + 13, -3*l + 3*c = -3 - 6. Calculate the remainder when l is divided by s.
1
Let j = 19 + -15. Let b = 4 + j. What is the remainder when 20 is divided by b?
4
Let x be (2/(-7))/((-1)/7). Suppose -33 = -x*r + 5. Suppose -2*k + 14 = -z + 6, -2*z = 3*k - r. What is the remainder when 14 is divided by k?
4
Suppose -7*m + o = -3*m - 47, 0 = -4*m + 4*o + 32. Calculate the remainder when m is divided by 3.
1
Suppose -5*z - k = -19, -6*z + 5*k - 5 = -z. Let r(y) = 2*y**3 - 4*y**2 - 2*y + 4. What is the remainder when r(z) is divided by 9?
7
Suppose -3*y - 7 = 5*k + 1, 0 = -2*y + 2*k + 16. Suppose -2*s + 0*s + 2*b + 24 = 0, -5*b + 50 = 5*s. Calculate the remainder when s is divided by y.
3
Let p be (-255)/6*12/(-15). Let t = p - 20. Suppose -4*a - 4*k + 52 = 0, 3*a - 2*k - t = 5. What is the remainder when a is divided by 5?
4
Let x(b) = 5*b + 6. Calculate the remainder when 76 is divided by x(2).
12
Let t = 18 + -11. Suppose 2*b + 90 = t*b. Let v(a) = 10*a - 5. Calculate the remainder when v(4) is divided by b.
17
Calculate the remainder when ((-4)/(-6))/((-4)/(-54)) is divided by 2.
1
What is the remainder when 54 is divided by 2/1 + 26/1?
26
Suppose g + 2*h - 32 = -3*h, -2*h = g - 23. Calculate the remainder when 183/6 + 20/8 is divided by g.
16
What is the remainder when (5 - 4)/(1/43) is divided by 11?
10
Let h = -21 + 17. Suppose -28 = -4*q - 0. Let d = q - h. Calculate the remainder when d is divided by 4.
3
Let l = -8 - -12. What is the remainder when l - -20 - (2 + -3) is divided by 9?
7
Suppose 0 = 2*a - 4, 4*h = h - 2*a + 28. Calculate the remainder when 14 is divided by h.
6
Let c(v) = 12*v + 20. What is the remainder when c(6) is divided by 31?
30
Let k(t) = -18*t + 1. Let i = -2 - -4. Suppose -13 = i*g - 3*g. What is the remainder when k(-2) is divided by g?
11
Let s(i) = -i - 1. Let w be s(-4). Let h = 13 + w. Calculate the remainder when 61 is divided by h.
13
Let i(l) = 21*l + 1. Let k = 34 - 19. Calculate the remainder when i(2) is divided by k.
13
Let a(z) be the first derivative of -z**3/3 + z**2/2 + 3*z + 1. Let u be a(6). Calculate the remainder when 17 is divided by u/(-6)*(-4)/(-3).
5
Let j = -19 + 32. Let y(t) = -t**2 - 6*t - 7. Let r be y(-12). Let s = 128 + r. What is the remainder when s is divided by j?
10
Let s = 13 + -9. Suppose s*w - 18 = 6. Calculate the remainder when 11 is divided by w.
5
Let n(y) = y**3 + 7*y**2 + 3*y - 7. Suppose f = -w - 4*w + 26, 3*w = 6. Calculate the remainder when n(-4) is divided by f.
13
Let l(d) = -d**2 + 10*d - 11. Let p be l(8). Suppose -p*n + 63 = -2*n. Suppose 0 = 5*y - n + 1. Calculate the remainder when 6 is divided by y.
2
Let m be (-6)/(-9)*15/2. Suppose -152 = -m*r + r. Let d = -158 - -178. What is the remainder when r is divided by d?
18
Suppose 0 = -3*v - 2*v + 150. Let d = 29 + -18. What is the remainder when v is divided by d?
8
Suppose q + 0 = 7. Let v = 10 - q. Calculate the remainder when 4/2 - 3 - -8 is divided by v.
1
Suppose -16 + 8 = -2*u. What is the remainder when 14 is divided by u?
2
Suppose 5*z + j - 346 = 0, 3*j - 22 - 176 = -3*z. What is the remainder when z is divided by 18?
16
Suppose 0 - 10 = -2*l. Suppose 0 = -2*b, 3*s + 28 = l*s - 4*b. Calculate the remainder when 41 is divided by s.
13
Suppose 4*w - 7*w = 0. Suppose w = c + u - 3*u - 23, 0 = -2*u - 10. What is the remainder when 25 is divided by c?
12
Let b = -2 + -1. What is the remainder when (b*1)/(-3) + 16 is divided by 6?
5
Let y = -1 + 2. Calculate the remainder when (-138)/(-4)*2/3 is divided by 3 + -2 - (y + -12).
11
Suppose 2*q + 20 = -2*p, 4*p - 2*q + 18 = 2. Let f(u) = u**2 + 2*u - 10. What is the remainder when 53 is divided by f(p)?
11
Let k(x) = -x + 16. Let o be k(7). Let m(v) = v**3 + 3*v**2 - 3*v + 3. Let b be m(-4). What is the remainder when 25 is divided by 1/(0 - b/o)?
7
Suppose -q - 7 = -27. Let o be 5/2*24/q. Let z(a) = 5*a**2 - 4*a + 2. Calculate the remainder when z(o) is divided by 9.
8
Let l(y) = -y**3 - 16*y**2 + 17*y + 39. Calculate the remainder when 153 is divided by l(-17).
36
Suppose k = 5*t - 0*k + 119, 0 = 3*t + 3*k + 75. Let c be (t/(-15))/((-4)/(-50)). Let q = c - 14. Calculate the remainder when 16 is divided by q.
4
Let s = -5 + 8. Suppose -3*b + s*i + 7 = -b, -5*b + 4*i = 0. Let t = b - -6. Calculate the remainder when 3 is divided by t.
1
Let c(m) = m**2 + 4*m + 6. Let h(n) = -n - 1. Let r(j) = c(j) - 5*h(j). What is the remainder when r(-9) is divided by 4?
3
Let i = 4 + -1. Let w(l) = -13*l - 3. Let m be w(-3). Suppose o = -i*o + m. Calculate the remainder when o is divided by 5.
4
Suppose -3*d - 2*d - m = -92, 3*d + 4*m - 62 = 0. What is the remainder when 53 is divided by d?
17
Let u(r) = -r**2 - 5*r - 4. Let c be u(-4). Suppose c = 4*g - 99 + 31. Calculate the remainder when 31 is divided by g.
14
Let y(b) be the second derivative of b**4/2 - b**3/3 + b. What is the remainder when y(2) is divided by (10 - 1) + (-1 - 1)?
6
Suppose -10 = -3*b - 2*b. Suppose -50 = -3*n - b*n. What is the remainder when (2/3)/(10/435) is divided by n?
9
Suppose 0 = 2*z - 2 + 10. Calculate the remainder when 34*(10/z - -3) is divided by 9.
8
Let t(j) = 2*j**3 - 21*j**2 + 14*j - 15. What is the remainder when (2/(-4))/((-7)/686) is di